and 20460?
33
Calculate the highest common factor of 4617 and 3546483.
57
What is the highest common divisor of 41921333 and 37?
37
What is the highest common divisor of 16554440 and 112?
56
Calculate the highest common factor of 68 and 3691312.
68
What is the greatest common divisor of 15675494 and 703?
703
What is the greatest common divisor of 218424 and 2343384?
456
What is the greatest common divisor of 358450900 and 50?
50
What is the highest common factor of 9889399 and 91?
13
What is the greatest common divisor of 373488 and 7042704?
1488
Calculate the greatest common factor of 1841 and 1298168.
263
What is the greatest common divisor of 463770 and 52380?
90
Calculate the highest common factor of 1316 and 1074984.
188
What is the greatest common divisor of 21451 and 2234291?
1129
Calculate the greatest common factor of 5182 and 139880317.
2591
What is the greatest common factor of 6966 and 68994?
18
What is the greatest common factor of 123421 and 12367?
83
Calculate the greatest common divisor of 1061451 and 54.
27
Calculate the highest common divisor of 2761 and 427031.
11
Calculate the greatest common factor of 60204 and 10672.
116
What is the highest common factor of 13344 and 112818?
6
What is the greatest common factor of 9980929 and 4718?
2359
Calculate the highest common divisor of 54526168 and 1336.
1336
Calculate the greatest common divisor of 3961670 and 99485.
985
What is the greatest common divisor of 670 and 75442?
134
Calculate the highest common divisor of 302947 and 133061.
491
What is the highest common factor of 143 and 5645861?
13
Calculate the greatest common divisor of 43110 and 1710.
90
What is the greatest common divisor of 534514 and 8383074?
6766
What is the greatest common divisor of 2800 and 125425?
25
Calculate the greatest common factor of 882 and 9618552.
18
What is the highest common divisor of 2557577 and 92?
23
Calculate the greatest common factor of 3616856 and 2952.
328
Calculate the greatest common factor of 117691 and 202573.
301
Calculate the highest common factor of 13545285 and 975.
195
Calculate the greatest common divisor of 6296620 and 68420.
220
Calculate the greatest common factor of 90285678 and 222.
6
Calculate the highest common factor of 9688 and 2108351.
1211
What is the highest common divisor of 52 and 148508867?
13
What is the highest common divisor of 165730 and 7580?
10
Calculate the highest common factor of 3971950 and 59200.
1850
What is the greatest common factor of 390628 and 6076?
196
What is the highest common divisor of 16089352 and 31545?
701
What is the highest common divisor of 189444 and 2220?
12
What is the greatest common factor of 2393606 and 1672765?
3449
What is the greatest common divisor of 1942204 and 6512?
1628
Calculate the greatest common factor of 86426 and 268442.
158
What is the greatest common divisor of 5460 and 811629?
273
Calculate the greatest common divisor of 999247578 and 42.
42
Calculate the highest common divisor of 6118860 and 1056.
132
What is the highest common divisor of 1468982 and 1357?
59
What is the highest common factor of 39 and 9388535?
13
Calculate the greatest common factor of 3360 and 7117728.
96
Calculate the highest common factor of 10356100 and 150.
50
What is the greatest common divisor of 2964360 and 1680?
840
What is the highest common divisor of 208215 and 322560?
315
What is the highest common divisor of 6313 and 61525?
107
Calculate the greatest common divisor of 16737799 and 2026.
1013
What is the greatest common factor of 75600 and 368200?
1400
What is the greatest common divisor of 13604400 and 210?
30
What is the greatest common factor of 3660 and 9631110?
30
Calculate the highest common divisor of 34713566 and 787536.
3646
What is the greatest common divisor of 18348 and 93600?
12
What is the highest common divisor of 3763776 and 184?
8
Calculate the greatest common factor of 11685297 and 117.
39
Calculate the highest common divisor of 162907757 and 25299.
937
Calculate the highest common divisor of 12440 and 137880.
40
What is the greatest common factor of 108 and 35276526?
54
Calculate the highest common divisor of 2989 and 24534139.
427
Calculate the highest common factor of 9928 and 187172.
292
What is the highest common divisor of 72 and 1732797?
9
What is the greatest common divisor of 143 and 21853?
13
What is the highest common factor of 65539526 and 1222?
1222
What is the highest common divisor of 20859222 and 214?
214
What is the greatest common factor of 89370 and 23355?
135
Calculate the highest common factor of 4214 and 185499377.
301
Calculate the highest common divisor of 580 and 503194660.
580
What is the highest common factor of 55384 and 14872?
8
What is the greatest common divisor of 4222 and 45519493?
2111
Calculate the greatest common factor of 1862692 and 4859.
113
What is the greatest common factor of 195 and 1380415?
5
What is the highest common divisor of 73108 and 44?
4
Calculate the greatest common divisor of 494 and 15162394.
26
What is the greatest common divisor of 32512421 and 79637?
821
Calculate the highest common divisor of 294684 and 897936.
156
Calculate the highest common factor of 824376 and 14376.
24
Calculate the greatest common factor of 16 and 1323997744.
16
Calculate the greatest common factor of 11457723 and 5823.
1941
What is the greatest common divisor of 155 and 29903065?
155
Calculate the greatest common divisor of 47760 and 23197828.
796
Calculate the greatest common factor of 29983515 and 45.
15
Calculate the greatest common divisor of 816480 and 50820.
420
What is the greatest common factor of 476 and 27613474?
238
What is the highest common divisor of 20328477 and 195?
39
Calculate the highest common divisor of 29125453 and 1617.
49
Calculate the highest common factor of 341142180 and 2678.
206
What is the greatest common factor of 27463 and 82679?
29
What is the highest common divisor of 1448207 and 3?
1
What is the highest common divisor of 14361570 and 18490?
430
What is the greatest common factor of 237970140 and 66660?
6060
What is the greatest common factor of 886509 and 117?
117
Calculate the greatest common divisor of 259071563 and 2524.
631
What is the highest common factor of 210 and 19258260?
210
Calculate the greatest common divisor of 143 and 240149.
13
Calculate the greatest common factor of 14119624 and 530.
106
Calculate the greatest common divisor of 2133 and 22906287.
2133
What is the highest common factor of 1 and 3063017?
1
What is the greatest common divisor of 55643322 and 147?
147
What is the highest common factor of 2373767 and 22?
11
What is the greatest common divisor of 458 and 146361686?
458
What is the highest common factor of 223226 and 755606?
934
Calculate the highest common factor of 907 and 35988853.
907
What is the greatest common factor of 115419300 and 3420?
1140
Calculate the greatest common divisor of 127656 and 674568.
648
What is the greatest common divisor of 23332 and 144127597?
5833
What is the greatest common factor of 544967904 and 8?
8
What is the highest common divisor of 1710 and 45170?
10
What is the highest common factor of 64749 and 126633?
573
What is the greatest common factor of 47 and 21018?
1
What is the highest common factor of 111878494 and 182?
182
Calculate the greatest common factor of 57130840 and 1821.
607
What is the highest common factor of 30 and 7673115?
15
Calculate the highest common divisor of 2300 and 63488.
4
Calculate the highest common divisor of 73728414 and 164.
82
What is the highest common factor of 454020 and 210372?
564
Calculate the highest common factor of 749392 and 8302.
14
What is the greatest common factor of 262483 and 447181?
331
What is the highest common divisor of 37000806 and 442?
34
Calculate the highest common factor of 2658646 and 122988.
554
Calculate the greatest common divisor of 9299783 and 527.
31
Calculate the highest common divisor of 764235 and 9615.
15
Calculate the greatest common divisor of 158680 and 1584.
8
What is the highest common factor of 6264 and 474120?
216
What is the greatest common factor of 533192520 and 20?
20
Calculate the greatest common divisor of 98 and 40550426.
14
What is the highest common factor of 15 and 554106?
3
Calculate the greatest